8387*f - 881. What is v(115)?
39
Let p(h) = 13*h**2 - 3*h - 995. What is p(10)?
275
Let y(o) = o**3 + 10*o**2 - 116*o - 40. What is y(8)?
184
Let a(v) = 79*v**3 + 5132*v**2 - 185*v + 663. What is a(-65)?
13
Let t(g) = -11850*g + 152804. Determine t(13).
-1246
Let b(x) = x**3 - 17*x**2 + 225. Give b(4).
17
Let o(d) = -d**3 + 128*d**2 - 2447*d - 1136. What is o(24)?
40
Let o(k) = 1851*k - 146253. Calculate o(79).
-24
Let b(i) = 1970*i - 1282. Calculate b(1).
688
Let o(v) = 4*v**3 - 666*v**2 - 332*v - 325. Give o(167).
9
Let f(v) = 34150*v + 170653. Give f(-5).
-97
Let q(w) = 2*w**2 + 143598*w + 717961. Give q(-5).
21
Let u(q) = 5*q**3 - q**2 + 2*q - 3. Give u(-2).
-51
Let o(k) = -55*k**2 + 116*k + 374. What is o(4)?
-42
Let a(c) = -3*c**2 + 1963*c - 34374. Give a(18).
-12
Let r(j) = -22*j**2 - 1672*j + 3441. Give r(-78).
9
Let b(s) = -48071*s - 240608. What is b(-5)?
-253
Let o(c) = 269*c - 93231. Give o(348).
381
Let r(m) = 4*m**2 - 225*m + 3621. What is r(29)?
460
Let o(x) = 496*x - 16803. What is o(34)?
61
Let n(y) = -2*y**3 + 239*y**2 + 64*y + 6731. Determine n(120).
11
Let y(w) = 98055*w + 882581. Determine y(-9).
86
Let c(r) = -3000*r - 2532078. What is c(-844)?
-78
Let z(l) = -l**3 - 15*l**2 + 112*l + 1868. Give z(-14).
104
Let y(v) = 20*v**3 - 157*v**2 - 3*v - 100. What is y(8)?
68
Let s(n) = -55*n**2 - 1620*n + 2533. What is s(-31)?
-102
Let v(d) = -2508*d**2 + 60266*d - 1788. Determine v(24).
-12
Let b(v) = 3*v**3 - 286*v**2 - 11122*v - 337. What is b(125)?
38
Let b(a) = 2*a**3 + 188*a**2 - 347*a - 17143. Calculate b(-95).
-2228
Let a(z) = z**3 - 132*z**2 - 660*z - 3427. Calculate a(137).
-2
Let w(o) = -o**3 - 14*o**2 - 17533*o + 141680. What is w(8)?
8
Let j(a) = -404*a - 12178. Give j(-30).
-58
Let w(q) = 42713*q - 1110543. What is w(26)?
-5
Let n(m) = -1857*m - 143172. Give n(-77).
-183
Let q(l) = l**3 + 195*l**2 - 52*l + 28213. Calculate q(-196).
-11
Let d(i) = -663255*i + 5969293. Determine d(9).
-2
Let p(q) = -2867*q**3 + 29*q**2 - 35*q - 3. Determine p(1).
-2876
Let r(q) = 58874*q - 2119464. Determine r(36).
0
Let q(w) = -23*w**2 + 2674*w - 77152. Give q(63).
23
Let u(n) = 17*n**2 + 4694*n + 9421. What is u(-2)?
101
Let j(i) = -7*i**2 + 2574*i + 18135. Determine j(-7).
-226
Let l(g) = 4*g**3 - 89*g**2 + 395*g + 81. What is l(16)?
1
Let n(g) = g**2 + 50*g + 664. Determine n(-19).
75
Let q(z) = -605*z - 2591. Determine q(-7).
1644
Let h(x) = 42*x - 1360. Give h(5).
-1150
Let b(a) = 2*a**3 + 204*a**2 + 513*a + 11403. What is b(-100)?
103
Let k(q) = -485*q**3 - 2*q**2 - 59*q - 60. Give k(-1).
482
Let s(c) = -547*c - 11631. What is s(-21)?
-144
Let k(b) = 499*b - 24943. Give k(50).
7
Let d(w) = w**2 - 7535*w - 151095. What is d(-20)?
5
Let a(u) = -3369*u - 74013. What is a(-22)?
105
Let c(i) = -51*i**2 - 6161*i + 1196. Calculate c(-121).
-14
Let v(o) = -21021*o - 3531471. Give v(-168).
57
Let v(z) = z**3 + 11*z**2 + 259*z + 1579. What is v(-7)?
-38
Let k(y) = 31607*y + 81. Determine k(0).
81
Let g(d) = 386*d + 2771. Calculate g(-10).
-1089
Let x(k) = -38*k**3 - 8*k**2 + 51*k - 2. What is x(0)?
-2
Let t(h) = -235*h + 10869. Determine t(55).
-2056
Let j(p) = 3*p**3 - 23*p**2 + 853*p - 5128. Give j(6).
-190
Let b(w) = -9*w**2 - 190*w + 295298. Give b(-192).
2
Let k(a) = -3853*a - 4037. Determine k(-1).
-184
Let x(p) = -p**2 + 90*p - 1822. Calculate x(24).
-238
Let r(z) = -192*z**3 + 5980*z**2 - 869*z + 37. Give r(31).
6
Let p(h) = -3026*h + 148464. Give p(49).
190
Let g(s) = s**3 + 16*s**2 + 3013*s + 38668. Calculate g(-13).
6
Let r(z) = 102*z**2 + 1183*z - 385. Give r(-12).
107
Let z(a) = -80570*a + 4. Calculate z(0).
4
Let d(h) = 98*h**2 - 1631*h - 13054. What is d(-8)?
6266
Let w(s) = -39*s**3 - 7*s**2 - 2*s. What is w(-2)?
288
Let o(i) = i**2 - 12625*i + 88381. Give o(7).
55
Let u(m) = 2*m**3 + 318*m**2 - 1218*m - 39841. What is u(-162)?
11
Let a(g) = -7*g**2 + 29171*g - 87491. What is a(3)?
-41
Let o(u) = -5*u**2 + 90*u - 67. What is o(19)?
-162
Let n(s) = s**3 - 41*s**2 - 13337*s + 4741. Calculate n(-97).
-12
Let u(i) = -1226*i**2 - 25745*i + 100. What is u(-21)?
79
Let u(s) = s**2 - 995*s + 233463. What is u(616)?
-1
Let a(p) = p**3 + 1117*p**2 - 57086*p + 55968. What is a(-1166)?
0
Let t(r) = 10*r**3 + 4*r**2 - 207*r - 939. What is t(-4)?
-687
Let r(v) = v**3 + 25*v**2 + 4567*v + 70766. Give r(-16).
-2
Let a(o) = 11*o**2 + 13*o + 28. Give a(8).
836
Let n(w) = -w**3 - 95*w**2 + 2766*w + 6142. Determine n(-118).
6
Let d(o) = -4954*o - 98529. Give d(-20).
551
Let p(y) = 2*y**3 + 302*y**2 + 608*y + 1858. Give p(-149).
70
Let n(m) = 4*m**2 + 4685*m + 1125029. Give n(-834).
-37
Let j(d) = -4*d**2 - 1192*d - 61216. Determine j(-66).
32
Let q(w) = 4328*w - 56274. Give q(13).
-10
Let o(s) = -14*s**2 + 1889*s - 15712. What is o(126)?
38
Let p(c) = -56*c**2 + 19998*c + 19998. Give p(-1).
-56
Let v(d) = 80*d**3 - 1116*d**2 - 46*d - 134. What is v(14)?
6
Let t(k) = -211*k + 32761. Determine t(157).
-366
Let i(u) = u**3 - 125*u**2 - 543*u + 3433. Calculate i(129).
-50
Let k(c) = 465*c + 34489. Calculate k(-75).
-386
Let p(d) = 21*d**2 - 515*d - 1395. What is p(27)?
9
Let n(t) = -17*t**2 + 149*t + 120. Determine n(10).
-90
Let j(t) = -13*t**3 - 76*t**2 + 469*t - 392. What is j(1)?
-12
Let t(j) = -5*j**3 + 761*j**2 - 161*j + 1371. Determine t(152).
3
Let a(j) = 5*j**2 + 1622*j - 9713. Determine a(6).
199
Let t(f) = f**2 + 43677*f + 218368. Give t(-5).
8
Let f(b) = -3*b**2 - 1162*b - 65150. Determine f(-68).
-6
Let k(d) = 13*d**3 + 223*d**2 + 43*d + 86. Give k(-17).
-67
Let a(s) = s**3 + 22*s**2 - 50460*s - 1110113. What is a(-22)?
7
Let j(g) = 3*g**3 - 113*g**2 + 519*g + 1029. Give j(32).
229
Let y(k) = k**3 - 63*k**2 - 283*k + 5616. Give y(66).
6
Let a(v) = 149530*v - 5532570. What is a(37)?
40
Let a(j) = 2364*j**2 - 5246*j + 3. What is a(2)?
-1033
Let p(q) = -14*q**2 - 207*q + 245. Determine p(-16).
-27
Let q(m) = 3911*m + 11512. What is q(-3)?
-221
Let x(p) = p**2 - 8671*p + 1436831. What is x(169)?
-7
Let r(g) = -g**3 - 262*g**2 - 512*g + 3002. Calculate r(-260).
922
Let j(k) = 273*k - 17685. Give j(64).
-213
Let v(p) = -222*p**2 + 7642*p + 4482. Give v(35).
2
Let i(b) = -1597*b - 14381. Determine i(-9).
-8
Let l(m) = 2*m**3 + 52*m**2 - 431*m + 1062. What is l(-33)?
39
Let v(y) = 114*y - 5125. Determine v(45).
5
Let q(c) = -24*c**3 + 1418*c**2 - 68*c - 3006. Give q(59).
-56
Let g(f) = -f**3 - 11*f**2 - 19*f - 105. What is g(-11)?
104
Let g(w) = 61*w**2 + 1446*w + 621. Give g(-23).
-368
Let k(i) = 468415*i - 6. Determine k(0).
-6
Let l(w) = -w**3 + 83*w**2 - 313*w + 5832. What is l(80)?
-8
Let k(p) = -2*p**2 - 769*p + 45401. Calculate k(52).
5
Let b(j) = -83261*j + 11656534. Give b(140).
-6
Let n(f) = 1544*f + 55510. Calculate n(-36).
-74
Let y(a) = 3*a**3 + 38*a**2 + 673*a + 6814. Calculate y(-11).
16
Let y(r) = -22*r + 5518. Give y(254).
-70
Let b(k) = 10951*k + 580387. Calculate b(-53).
-16
Let k(o) = o**3 + 34*o**2 + 26*o + 818. Determine k(-34).
-66
Let c(w) = -3*w**2 + 520*w + 9470. What is c(190)?
-30
Let b(n) = 14066*n - 323250. Calculate b(23).
268
Let g(x) = -37*x**2 + 677*x - 708. Give g(16).
652
Let v(n) = n**3 + 56*n**2 + 698*n + 581. Give v(-18).
329
Let j(h) = h**3 - 10*h**2 - 127*h + 83. Determine j(12).
-1153
Let g(y) = 2*y**3 - 4*y**2 + 153*y - 759. Calculate g(6).
447
Let h(r) = -39*r**3 + 18*r**2 + 68*r + 22. Determine h(-4).
2534
Let r(v) = -v**2 - 1671*v - 326556. Calculate r(-226).
14
Let a(b) = -3*b**3 - 289*b**2 - 90*b + 1398. Calculate a(-96).
822
Let b(w) = -w**3 - 370*w**2 - 698*w + 13969. Calculate b(-368).
-15
Let z(y) = -399789*y + 799633. Determine z(2).
55
Let s(z) = -2*z**3 - 611*z**2 + 929*z + 190646. Give s(-306).
8
Let k(a) = a**2 - 56478*a - 960399. What is k(-17)?
16
Let r(i) = 40*i**2 + 684*i + 2152. Give r(-13).
20
Let i(r) = 4*r**3 + 174*r**2 - 61*r + 530. Give i(-44).
-658
Let j(o) = 3571*o + 525042. Calculate j(-147).
105
Let a(j) = -4*j**3 - 9*j**2 - 75*j - 365. What is a(-5)?
285
Let b(q) = q**3 + 40*q**2 + 440*q + 1115. Give b(-21).
254
Let a(q) = -1974*q - 562600. Give a(-285).
-10
Let u(b) = -b**3 + 39*b**2 + 48*b - 317. What is u(40)?
3
Let p(c) = -2022*c + 200604. Calculate p(99).
426
Let f(p) = 3*p**3 - 16*p**2 - 204*p + 17. Calculate f(-6).
17
Let i(j) = -j**3 - 311*j**2 + 1299*j + 12